{"version":"1.0","provider_name":"weinhof KOBLER weblog","provider_url":"https:\/\/www.kobler-margreid.com\/blog","author_name":"armin kobler","author_url":"https:\/\/www.kobler-margreid.com\/blog\/blog\/author\/armin-kobler\/","title":"Unter Blinden ist der Ein\u00e4ugige K\u00f6nig \u2014 Tra i ciechi l'orbo d'un occhio \u00e8 re - weinhof KOBLER weblog","type":"rich","width":600,"height":338,"html":"<blockquote class=\"wp-embedded-content\" data-secret=\"vgpakfXZ9l\"><a href=\"https:\/\/www.kobler-margreid.com\/blog\/blog\/2009\/11\/08\/unter-blinden_tra-i-ciechi\/\">Unter Blinden ist der Ein\u00e4ugige K\u00f6nig \u2014 Tra i ciechi l&#8217;orbo d&#8217;un occhio \u00e8 re<\/a><\/blockquote><iframe sandbox=\"allow-scripts\" security=\"restricted\" src=\"https:\/\/www.kobler-margreid.com\/blog\/blog\/2009\/11\/08\/unter-blinden_tra-i-ciechi\/embed\/#?secret=vgpakfXZ9l\" width=\"600\" height=\"338\" title=\"&#8222;Unter Blinden ist der Ein\u00e4ugige K\u00f6nig \u2014 Tra i ciechi l&#8217;orbo d&#8217;un occhio \u00e8 re&#8220; &#8211; weinhof KOBLER weblog\" data-secret=\"vgpakfXZ9l\" frameborder=\"0\" marginwidth=\"0\" marginheight=\"0\" scrolling=\"no\" class=\"wp-embedded-content\"><\/iframe><script type=\"text\/javascript\">\n\/* <![CDATA[ *\/\n\/*! This file is auto-generated *\/\n!function(d,l){\"use strict\";l.querySelector&&d.addEventListener&&\"undefined\"!=typeof URL&&(d.wp=d.wp||{},d.wp.receiveEmbedMessage||(d.wp.receiveEmbedMessage=function(e){var t=e.data;if((t||t.secret||t.message||t.value)&&!\/[^a-zA-Z0-9]\/.test(t.secret)){for(var s,r,n,a=l.querySelectorAll('iframe[data-secret=\"'+t.secret+'\"]'),o=l.querySelectorAll('blockquote[data-secret=\"'+t.secret+'\"]'),c=new RegExp(\"^https?:$\",\"i\"),i=0;i<o.length;i++)o[i].style.display=\"none\";for(i=0;i<a.length;i++)s=a[i],e.source===s.contentWindow&&(s.removeAttribute(\"style\"),\"height\"===t.message?(1e3<(r=parseInt(t.value,10))?r=1e3:~~r<200&&(r=200),s.height=r):\"link\"===t.message&&(r=new URL(s.getAttribute(\"src\")),n=new URL(t.value),c.test(n.protocol))&&n.host===r.host&&l.activeElement===s&&(d.top.location.href=t.value))}},d.addEventListener(\"message\",d.wp.receiveEmbedMessage,!1),l.addEventListener(\"DOMContentLoaded\",function(){for(var e,t,s=l.querySelectorAll(\"iframe.wp-embedded-content\"),r=0;r<s.length;r++)(t=(e=s[r]).getAttribute(\"data-secret\"))||(t=Math.random().toString(36).substring(2,12),e.src+=\"#?secret=\"+t,e.setAttribute(\"data-secret\",t)),e.contentWindow.postMessage({message:\"ready\",secret:t},\"*\")},!1)))}(window,document);\n\/\/# sourceURL=https:\/\/www.kobler-margreid.com\/blog\/wp-includes\/js\/wp-embed.min.js\n\/* ]]> *\/\n<\/script>\n","description":"Dieses Sprichwort benutze ich gerne, wenn so mancher Teilnehmer an den von mir durchgef\u00fchrten Kostwettbewerben sich dar\u00fcber anerkennend \u00e4u\u00dfert. Es ist insofern zutreffend, da es ein leichtes ist, an dem Ablauf von diesen Veranstaltungen etwas zu verbessern, wenn sie \u00fcber &hellip; Weiterlesen &rarr;","thumbnail_url":"http:\/\/www.kobler-margreid.com\/blog\/wp-content\/2009\/11\/2009-11-05_11-28-30.jpg"}

Unter Blinden ist der Einäugige König — Tra i ciechi l'orbo d'un occhio è re - weinhof KOBLER weblog

<blockquote class="wp-embedded-content" data-secret="vgpakfXZ9l"><a href="https://www.kobler-margreid.com/blog/blog/2009/11/08/unter-blinden_tra-i-ciechi/">Unter Blinden ist der Einäugige König — Tra i ciechi l&#8217;orbo d&#8217;un occhio è re</a></blockquote><iframe sandbox="allow-scripts" security="restricted" src="https://www.kobler-margreid.com/blog/blog/2009/11/08/unter-blinden_tra-i-ciechi/embed/#?secret=vgpakfXZ9l" width="600" height="338" title="&#8222;Unter Blinden ist der Einäugige König — Tra i ciechi l&#8217;orbo d&#8217;un occhio è re&#8220; &#8211; weinhof KOBLER weblog" data-secret="vgpakfXZ9l" frameborder="0" marginwidth="0" marginheight="0" scrolling="no" class="wp-embedded-content"></iframe><script type="text/javascript">
/* <![CDATA[ */
/*! This file is auto-generated */
!function(d,l){"use strict";l.querySelector&&d.addEventListener&&"undefined"!=typeof URL&&(d.wp=d.wp||{},d.wp.receiveEmbedMessage||(d.wp.receiveEmbedMessage=function(e){var t=e.data;if((t||t.secret||t.message||t.value)&&!/[^a-zA-Z0-9]/.test(t.secret)){for(var s,r,n,a=l.querySelectorAll('iframe[data-secret="'+t.secret+'"]'),o=l.querySelectorAll('blockquote[data-secret="'+t.secret+'"]'),c=new RegExp("^https?:$","i"),i=0;i<o.length;i++)o[i].style.display="none";for(i=0;i<a.length;i++)s=a[i],e.source===s.contentWindow&&(s.removeAttribute("style"),"height"===t.message?(1e3<(r=parseInt(t.value,10))?r=1e3:~~r<200&&(r=200),s.height=r):"link"===t.message&&(r=new URL(s.getAttribute("src")),n=new URL(t.value),c.test(n.protocol))&&n.host===r.host&&l.activeElement===s&&(d.top.location.href=t.value))}},d.addEventListener("message",d.wp.receiveEmbedMessage,!1),l.addEventListener("DOMContentLoaded",function(){for(var e,t,s=l.querySelectorAll("iframe.wp-embedded-content"),r=0;r<s.length;r++)(t=(e=s[r]).getAttribute("data-secret"))||(t=Math.random().toString(36).substring(2,12),e.src+="#?secret="+t,e.setAttribute("data-secret",t)),e.contentWindow.postMessage({message:"ready",secret:t},"*")},!1)))}(window,document);
//# sourceURL=https://www.kobler-margreid.com/blog/wp-includes/js/wp-embed.min.js
/* ]]> */
</script>

Dieses Sprichwort benutze ich gerne, wenn so mancher Teilnehmer an den von mir durchgeführten Kostwettbewerben sich darüber anerkennend äußert. Es ist insofern zutreffend, da es ein leichtes ist, an dem Ablauf von diesen Veranstaltungen etwas zu verbessern, wenn sie über &hellip; Weiterlesen &rarr;
