{"version":"1.0","provider_name":"weinhof KOBLER weblog","provider_url":"https:\/\/www.kobler-margreid.com\/blog","author_name":"armin kobler","author_url":"https:\/\/www.kobler-margreid.com\/blog\/blog\/author\/armin-kobler\/","title":"F\u00fcllung 2010 \u2014 Imbottigliamento 2010 - weinhof KOBLER weblog","type":"rich","width":600,"height":338,"html":"<blockquote class=\"wp-embedded-content\" data-secret=\"eK8KM47muz\"><a href=\"https:\/\/www.kobler-margreid.com\/blog\/blog\/2010\/05\/21\/fuellung-2010-imbottigliamento-2010\/\">F\u00fcllung 2010 \u2014 Imbottigliamento 2010<\/a><\/blockquote><iframe sandbox=\"allow-scripts\" security=\"restricted\" src=\"https:\/\/www.kobler-margreid.com\/blog\/blog\/2010\/05\/21\/fuellung-2010-imbottigliamento-2010\/embed\/#?secret=eK8KM47muz\" width=\"600\" height=\"338\" title=\"&#8222;F\u00fcllung 2010 \u2014 Imbottigliamento 2010&#8220; &#8211; weinhof KOBLER weblog\" data-secret=\"eK8KM47muz\" frameborder=\"0\" marginwidth=\"0\" marginheight=\"0\" scrolling=\"no\" class=\"wp-embedded-content\"><\/iframe><script type=\"text\/javascript\">\n\/* <![CDATA[ *\/\n\/*! This file is auto-generated *\/\n!function(d,l){\"use strict\";l.querySelector&&d.addEventListener&&\"undefined\"!=typeof URL&&(d.wp=d.wp||{},d.wp.receiveEmbedMessage||(d.wp.receiveEmbedMessage=function(e){var t=e.data;if((t||t.secret||t.message||t.value)&&!\/[^a-zA-Z0-9]\/.test(t.secret)){for(var s,r,n,a=l.querySelectorAll('iframe[data-secret=\"'+t.secret+'\"]'),o=l.querySelectorAll('blockquote[data-secret=\"'+t.secret+'\"]'),c=new RegExp(\"^https?:$\",\"i\"),i=0;i<o.length;i++)o[i].style.display=\"none\";for(i=0;i<a.length;i++)s=a[i],e.source===s.contentWindow&&(s.removeAttribute(\"style\"),\"height\"===t.message?(1e3<(r=parseInt(t.value,10))?r=1e3:~~r<200&&(r=200),s.height=r):\"link\"===t.message&&(r=new URL(s.getAttribute(\"src\")),n=new URL(t.value),c.test(n.protocol))&&n.host===r.host&&l.activeElement===s&&(d.top.location.href=t.value))}},d.addEventListener(\"message\",d.wp.receiveEmbedMessage,!1),l.addEventListener(\"DOMContentLoaded\",function(){for(var e,t,s=l.querySelectorAll(\"iframe.wp-embedded-content\"),r=0;r<s.length;r++)(t=(e=s[r]).getAttribute(\"data-secret\"))||(t=Math.random().toString(36).substring(2,12),e.src+=\"#?secret=\"+t,e.setAttribute(\"data-secret\",t)),e.contentWindow.postMessage({message:\"ready\",secret:t},\"*\")},!1)))}(window,document);\n\/\/# sourceURL=https:\/\/www.kobler-margreid.com\/blog\/wp-includes\/js\/wp-embed.min.js\n\/* ]]> *\/\n<\/script>\n","description":"Im Fr\u00fchjahr werden in unserem Betrieb die Weine gef\u00fcllt, bis jetzt in den Monaten April oder Mai, mit der Tendenz, diesen die Weinbereitung abschlie\u00dfenden Vorgang sp\u00e4ter durchzuf\u00fchren. Es kommen dabei die Wei\u00dfweine und der Kretzer des vorigen, sowie der Rotwein &hellip; Weiterlesen &rarr;","thumbnail_url":"http:\/\/www.kobler-margreid.com\/blog\/wp-content\/2010\/05\/2010-05-08_13-32-351.jpg"}

Füllung 2010 — Imbottigliamento 2010 - weinhof KOBLER weblog

<blockquote class="wp-embedded-content" data-secret="eK8KM47muz"><a href="https://www.kobler-margreid.com/blog/blog/2010/05/21/fuellung-2010-imbottigliamento-2010/">Füllung 2010 — Imbottigliamento 2010</a></blockquote><iframe sandbox="allow-scripts" security="restricted" src="https://www.kobler-margreid.com/blog/blog/2010/05/21/fuellung-2010-imbottigliamento-2010/embed/#?secret=eK8KM47muz" width="600" height="338" title="&#8222;Füllung 2010 — Imbottigliamento 2010&#8220; &#8211; weinhof KOBLER weblog" data-secret="eK8KM47muz" frameborder="0" marginwidth="0" marginheight="0" scrolling="no" class="wp-embedded-content"></iframe><script type="text/javascript">
/* <![CDATA[ */
/*! This file is auto-generated */
!function(d,l){"use strict";l.querySelector&&d.addEventListener&&"undefined"!=typeof URL&&(d.wp=d.wp||{},d.wp.receiveEmbedMessage||(d.wp.receiveEmbedMessage=function(e){var t=e.data;if((t||t.secret||t.message||t.value)&&!/[^a-zA-Z0-9]/.test(t.secret)){for(var s,r,n,a=l.querySelectorAll('iframe[data-secret="'+t.secret+'"]'),o=l.querySelectorAll('blockquote[data-secret="'+t.secret+'"]'),c=new RegExp("^https?:$","i"),i=0;i<o.length;i++)o[i].style.display="none";for(i=0;i<a.length;i++)s=a[i],e.source===s.contentWindow&&(s.removeAttribute("style"),"height"===t.message?(1e3<(r=parseInt(t.value,10))?r=1e3:~~r<200&&(r=200),s.height=r):"link"===t.message&&(r=new URL(s.getAttribute("src")),n=new URL(t.value),c.test(n.protocol))&&n.host===r.host&&l.activeElement===s&&(d.top.location.href=t.value))}},d.addEventListener("message",d.wp.receiveEmbedMessage,!1),l.addEventListener("DOMContentLoaded",function(){for(var e,t,s=l.querySelectorAll("iframe.wp-embedded-content"),r=0;r<s.length;r++)(t=(e=s[r]).getAttribute("data-secret"))||(t=Math.random().toString(36).substring(2,12),e.src+="#?secret="+t,e.setAttribute("data-secret",t)),e.contentWindow.postMessage({message:"ready",secret:t},"*")},!1)))}(window,document);
//# sourceURL=https://www.kobler-margreid.com/blog/wp-includes/js/wp-embed.min.js
/* ]]> */
</script>

Im Frühjahr werden in unserem Betrieb die Weine gefüllt, bis jetzt in den Monaten April oder Mai, mit der Tendenz, diesen die Weinbereitung abschließenden Vorgang später durchzuführen. Es kommen dabei die Weißweine und der Kretzer des vorigen, sowie der Rotwein &hellip; Weiterlesen &rarr;
