{"version":"1.0","provider_name":"weinhof KOBLER weblog","provider_url":"https:\/\/www.kobler-margreid.com\/blog","author_name":"armin kobler","author_url":"https:\/\/www.kobler-margreid.com\/blog\/blog\/author\/admin\/","title":"Gruppenarbeit \u2014 Lavoro di gruppo (2): Bucher Vaslin - weinhof KOBLER weblog","type":"rich","width":600,"height":338,"html":"<blockquote class=\"wp-embedded-content\" data-secret=\"azYZp7ZUBh\"><a href=\"https:\/\/www.kobler-margreid.com\/blog\/blog\/2013\/09\/19\/gruppenarbeit_lavoro-di-gruppo-2-bucher\/\">Gruppenarbeit \u2014 Lavoro di gruppo (2): Bucher Vaslin<\/a><\/blockquote><iframe sandbox=\"allow-scripts\" security=\"restricted\" src=\"https:\/\/www.kobler-margreid.com\/blog\/blog\/2013\/09\/19\/gruppenarbeit_lavoro-di-gruppo-2-bucher\/embed\/#?secret=azYZp7ZUBh\" width=\"600\" height=\"338\" title=\"&#8222;Gruppenarbeit \u2014 Lavoro di gruppo (2): Bucher Vaslin&#8220; &#8211; weinhof KOBLER weblog\" data-secret=\"azYZp7ZUBh\" frameborder=\"0\" marginwidth=\"0\" marginheight=\"0\" scrolling=\"no\" class=\"wp-embedded-content\"><\/iframe><script type=\"text\/javascript\">\n\/* <![CDATA[ *\/\n\/*! This file is auto-generated *\/\n!function(d,l){\"use strict\";l.querySelector&&d.addEventListener&&\"undefined\"!=typeof URL&&(d.wp=d.wp||{},d.wp.receiveEmbedMessage||(d.wp.receiveEmbedMessage=function(e){var t=e.data;if((t||t.secret||t.message||t.value)&&!\/[^a-zA-Z0-9]\/.test(t.secret)){for(var s,r,n,a=l.querySelectorAll('iframe[data-secret=\"'+t.secret+'\"]'),o=l.querySelectorAll('blockquote[data-secret=\"'+t.secret+'\"]'),c=new RegExp(\"^https?:$\",\"i\"),i=0;i<o.length;i++)o[i].style.display=\"none\";for(i=0;i<a.length;i++)s=a[i],e.source===s.contentWindow&&(s.removeAttribute(\"style\"),\"height\"===t.message?(1e3<(r=parseInt(t.value,10))?r=1e3:~~r<200&&(r=200),s.height=r):\"link\"===t.message&&(r=new URL(s.getAttribute(\"src\")),n=new URL(t.value),c.test(n.protocol))&&n.host===r.host&&l.activeElement===s&&(d.top.location.href=t.value))}},d.addEventListener(\"message\",d.wp.receiveEmbedMessage,!1),l.addEventListener(\"DOMContentLoaded\",function(){for(var e,t,s=l.querySelectorAll(\"iframe.wp-embedded-content\"),r=0;r<s.length;r++)(t=(e=s[r]).getAttribute(\"data-secret\"))||(t=Math.random().toString(36).substring(2,12),e.src+=\"#?secret=\"+t,e.setAttribute(\"data-secret\",t)),e.contentWindow.postMessage({message:\"ready\",secret:t},\"*\")},!1)))}(window,document);\n\/\/# sourceURL=https:\/\/www.kobler-margreid.com\/blog\/wp-includes\/js\/wp-embed.min.js\n\/* ]]> *\/\n<\/script>\n","description":"Pneumatische Presse\u00a0XPro8\u00a0der Fa. Bucher Vaslin aus\u00a0Chalonnes sur Loire (F) Die Weinpresse ist wieder auch so ein Ger\u00e4t, das nur f\u00fcr eine sehr begrenzte Zeit im Jahr gebraucht wird, daf\u00fcr aber ordentlich Kapital bindet. Als wir den Keller 2006 einrichteten, haben &hellip; Weiterlesen &rarr;","thumbnail_url":"http:\/\/www.kobler-margreid.com\/blog\/wp-content\/imagescaler\/08689ab810fdb9230b5c7aed9b1fecf6.jpg"}

Pneumatische Presse XPro8 der Fa. Bucher Vaslin aus Chalonnes sur Loire (F) Die Weinpresse ist wieder auch so ein Gerät, das nur für eine sehr begrenzte Zeit im Jahr gebraucht wird, dafür aber ordentlich Kapital bindet. Als wir den Keller 2006 einrichteten, haben &hellip; Weiterlesen &rarr;
